What is the highest common divisor of f and 47?
47
Suppose 2*q + 1 = q, n + 5*q + 7 = 0. Let c = n - -16. Suppose 4*b - 624 = -4*d, -10 = -3*b - 2*b. What is the highest common factor of d and c?
14
Let h(y) = 7*y**2 - 29*y + 36. Let o be h(8). What is the highest common factor of 84 and o?
84
Let f(y) = 2*y**2 - 5*y + 13. Suppose -10*z + 35 = -25. Let p be f(z). What is the greatest common factor of p and 5?
5
Let h = -869 - -877. What is the highest common factor of h and 88?
8
Let o(k) = k**3 - 15*k**2 - 16*k + 31. Let q be o(16). Let a = 91 + 64. Calculate the highest common divisor of a and q.
31
Let t = -994 - -1462. Let f = -283 + t. Let m = -119 + f. Calculate the highest common divisor of 44 and m.
22
Suppose 0 = -2*i - m + 15, 0 = -0*i - 5*i + 3*m + 10. Suppose 4*r - 29 = 5*f, 0 = 5*r + i*f - 47 - 23. What is the highest common divisor of r and 1?
1
Let o be 2378/6 + 33/9 + -4. Suppose o = 10*p - 4*p. What is the highest common factor of p and 165?
33
Let b(s) = -s**3 - 3*s**2 + 27*s + 21. Let j be b(-7). Calculate the greatest common factor of j and 4.
4
Let m be 105/(-2)*(-128)/160. What is the greatest common divisor of 322 and m?
14
Let t be (-2316)/(-28) + 5 - (-10)/35. Calculate the greatest common divisor of 12 and t.
4
Let c(n) be the second derivative of n**4/12 - n**3/2 - 13*n**2/2 - n - 15. Let r be c(-6). What is the highest common factor of 82 and r?
41
Let h(y) = -6*y + 123. Let d be h(15). What is the greatest common divisor of 77 and d?
11
Suppose 13*q - 292 = -2*v + 10*q, 440 = 3*v + 4*q. What is the greatest common divisor of 112 and v?
8
Suppose -12*w + 20 = -2*w. Suppose 0 = -w*m + 4*y + 132, -2*m + y + 95 + 43 = 0. What is the highest common factor of 10 and m?
10
Suppose -4*w - 2*c = -6*c - 876, -w = -5*c - 199. What is the greatest common divisor of 32 and w?
32
Let o(y) = 135*y + 2. Let b be o(3). What is the highest common divisor of b and 37?
37
Suppose -5*m = -2*g - 719, -3*m + 616 - 187 = -2*g. Suppose 5*y = 5*v + m, -v + 23 = -4*y + 133. What is the highest common divisor of y and 45?
9
Let h = -205 + 244. What is the greatest common divisor of h and 117?
39
Let t = 19 - 14. Suppose 5*b - 54 = 2*b - t*k, -b - k + 16 = 0. Let w be (-3)/(-2)*208/6. What is the greatest common factor of w and b?
13
Let h(g) = g**3 - 5*g**2 - 3*g - 14. Let x be h(6). Suppose -a + 3*p = -16, x*p - 2*p = -2. Calculate the greatest common divisor of 208 and a.
13
Let x be (23751/(-11))/(-9) + 2/22. What is the highest common divisor of 180 and x?
60
Suppose 0*k - 54 = 5*k - 2*a, 5*a = 10. Let f(d) = 2*d - 64. Let z be f(14). Let u = k - z. What is the greatest common factor of 13 and u?
13
Suppose 0 = -8*m + 10*m - 238. Let c = -11 + 16. Suppose -49 - 36 = -c*t. What is the greatest common divisor of m and t?
17
Suppose -t - 2 + 10 = 0. Let p = -681 - -685. What is the highest common factor of p and t?
4
Let o = -1 + 2. Let s = 1 - o. Suppose s = 3*n + t - 34, -4*n + 8*n = 2*t + 42. Calculate the highest common factor of n and 22.
11
Suppose -i + 70 = 43. Calculate the greatest common divisor of 27 and i.
27
Suppose -3*k + t + 110 = 0, 5*t - 27 = -k + 31. Let n = -64 + 116. Suppose n = w - 5. What is the greatest common factor of k and w?
19
Let b = -178 + 250. Let p be (6/4)/((-12)/(-40)). Suppose -o = p - 13. What is the highest common factor of b and o?
8
Let i(r) = 3*r**2 + 7*r - 2. Let j be i(-6). Calculate the greatest common factor of 160 and j.
32
Let w = 1006 - 214. What is the greatest common factor of 216 and w?
72
Suppose 2*b + 0*b + 4*k = 110, -227 = -4*b - k. Suppose 0 = 3*q - 33 - b. Let x = -20 + q. Calculate the highest common factor of 5 and x.
5
Let n = 1231 - 1217. Calculate the greatest common divisor of n and 581.
7
Let r = -18 - -16. Let w(y) = -23*y - 4. Let v be w(r). What is the highest common divisor of 14 and v?
14
Let m be 4 + (-117)/9 - -1567. What is the greatest common factor of 82 and m?
82
Suppose -40 = 4*r - 2*n, 4*r + n = 6*n - 28. Let k be -5 + 9/3 + (2 - 3). Let v be 2*44/r*k. Calculate the greatest common divisor of 220 and v.
22
Let z be ((-924)/20)/(-1 + 4/5). What is the greatest common divisor of z and 616?
77
Let z be (20/(-25))/(1/(-60)). Suppose 192 = 10*w - 4*w. Calculate the greatest common divisor of z and w.
16
Let m be (-8)/(-20)*30 - 6. What is the highest common factor of m and 162?
6
Suppose s - 3*r = 4096, -7 = 5*r + 8. Calculate the highest common factor of s and 67.
67
Let y(x) = x**2 - x - 8. Let b be y(-7). Let z be (-2)/13 + 6486/78. Let r = z + -77. What is the greatest common factor of r and b?
6
Let b be ((-56)/(-49))/(3/651). Calculate the greatest common divisor of b and 217.
31
Let n(c) = -5 + 0*c**2 + 1 - c**2 - 29*c + 19*c. Suppose 0 = -2*q - 5 - 5. Let t be n(q). What is the greatest common factor of 105 and t?
21
Suppose -2*r = -0*r - 8. Let m be ((-4)/5*13)/((-11)/110). Calculate the highest common divisor of r and m.
4
Let u(c) = 5*c**2 - c - 5. Let r be u(-2). Let l = r - 3. What is the highest common factor of 112 and l?
14
Let i = 10 - 2. Suppose -2*z = 4*y - 3*y - 29, -3*y = -2*z - 63. Suppose 4*n - 224 = 4*w, -n - w + 33 = -y. What is the highest common factor of n and i?
8
Suppose -3*n = 2*n. Suppose 3*q - 29 + 5 = -3*l, n = -l + 5. Let b(k) = 4*k**2 - 5*k + 3. Let i be b(q). What is the highest common divisor of i and 264?
24
Let v(c) = c**2 + 15*c + 20. Let y be v(-13). Let q(o) = -5*o - 5. Let g be q(y). Calculate the highest common factor of 10 and g.
5
Let w = 20 + -18. Let n be 20/(-3)*(-3)/w. Let u = 75 - 35. What is the greatest common divisor of u and n?
10
Suppose -4*n = -16, 2*m + 2*n - 70 = 18. Calculate the highest common factor of m and 184.
8
Let k be 1/(-4) - (-117)/36. Calculate the greatest common factor of k and 1.
1
Let m(g) = -2*g + 13. Let u be m(8). Let l be (u + 6/(-3))*-1. Suppose 3*d - 4*r - 51 = 0, r + 111 = l*d + 3*r. What is the highest common divisor of 231 and d?
21
Suppose 10 = 3*f - r - 128, 92 = 2*f + 3*r. Let v = f + -25. Calculate the highest common factor of 3 and v.
3
Suppose -41*g + i - 28 = -42*g, 3*g - 2*i - 69 = 0. Suppose 108 = 5*u - 3*b - 776, 872 = 5*u + b. What is the highest common divisor of u and g?
25
Let z(g) = -14*g + 4. Suppose -3 + 0 = 3*v - 3*y, -3*v + 4*y = 2. Let p be z(v). Calculate the greatest common divisor of 48 and p.
16
Let p = -158 - -270. Suppose -i + m = -75 - 27, -i - 4*m = -p. What is the highest common divisor of 8 and i?
8
Suppose 8740 = 23*q + 23*q. Calculate the greatest common divisor of 40 and q.
10
Let q = 115 - 16. Let l(i) be the second derivative of 4*i**3/3 + 51*i**2/2 - i. Let c be l(-5). Calculate the greatest common factor of c and q.
11
Let z(v) = 42*v**2 + 107*v + 16. Let p be z(-4). Calculate the highest common factor of p and 52.
52
Let d(z) = -41*z + 1810. Let w be d(44). Suppose -3*h - h + 24 = 0. What is the highest common divisor of h and w?
6
Suppose -5*o - 3 = -y + 6, 4*o + 66 = 5*y. Let c be 48/21 + -2 - (-682)/14. Calculate the highest common factor of c and y.
7
Suppose n = 3*a - 4, 4*n - 6*a = -3*a + 29. Calculate the highest common factor of 77 and n.
11
Let d = 1744 + -1729. What is the greatest common factor of d and 3195?
15
Let j be -4 + (-9 - -3) + 164. Calculate the greatest common divisor of j and 14.
14
Let w(f) = f**2 - f - 48. Let h be w(0). Let v be (-8)/h - 863/(-6). Calculate the greatest common divisor of 18 and v.
18
Suppose 4*h - t = -4*t + 1344, -5*h + 1680 = -2*t. Calculate the greatest common factor of h and 4.
4
Let d(u) = -u**3 + 9*u**2 - 11*u - 14. Let o be d(6). Suppose 4*p + 2*f - 36 = 0, -f = 3*p + f - o. What is the greatest common factor of p and 16?
8
Let q be -5*1*(-456)/(-60). Let b = q - -58. What is the highest common factor of b and 60?
20
Suppose -5*h + 249 = 5*q - 141, 12 = -4*h. Calculate the highest common factor of 36 and q.
9
Let k = -23 + 7. Let y be (3/(-2))/(6/k). Let n(q) = -q**2 + 29*q - 174. Let a be n(19). Calculate the greatest common divisor of y and a.
4
Let m = -50 + 180. Suppose r - m = -9. Calculate the highest common divisor of r and 11.
11
Let i = 100 + -63. Suppose -3*j - i = -247. What is the highest common divisor of j and 14?
14
Let q(n) = -n**2 - 17*n - 24. Let r be q(-16). Let x = r + 13. Sup